(3 + 17)) + 10.
7
Calculate -3 - (2 - -6) - (-54 - -42) - (2 - 62).
61
Evaluate (101 - 34) + 108 - (2 + (-1 - -23)).
151
-4 - (-27 - -17) - (-6 - -36) - -2
-22
13 + 2 + -4 + (14 - (-18 - -23))
20
What is -5 + -9 + 1 + 7 + -2 + -28?
-36
What is the value of 405 + -417 - (-6 + -33)?
27
Calculate (15 - -1) + (-16 + 34 - 53) + -33.
-52
What is the value of (-4 + -1 - -2) + 2 + (32 - (81 + -12))?
-38
Evaluate -11 + 51 + -9 - (898 - 738).
-129
Calculate (79 - 8) + -34 + 46 - (0 - -11).
72
Calculate 42 + -46 - -69 - (15 + 1) - 12.
37
What is -3 + -20 + 1 + (-6 + 113 - 77)?
8
-300 - -364 - (2 - -18) - (-4 + 0)
48
What is the value of (81 - 5 - (3 + 12 + -9 - 3)) + 10?
83
What is the value of 85 + -169 + 159 + (-15 - 0 - 0)?
60
What is the value of 30 + -47 + (-26 - -80)?
37
Evaluate -13 + -1 - (-526 - -413 - (-25 - 0)).
74
Calculate -9 + (31 - 66) - ((1 - -2) + -18).
-29
What is -69 - -64 - (-8 + (-53 - (-10 + 3)))?
49
What is the value of -3 + (1 - -41 - (-795 - -802))?
32
(3 - 4) + 14 + (15 - 40) - -5 - -95
88
Calculate 75 - ((4 - -34) + 5).
32
Evaluate (-7 - 10 - -2) + 14 + -7.
-8
What is the value of -1 + -25 + 8 - (18 - (-9 - -12))?
-33
Calculate 2 - (-9 - (-20 + 20) - (29 + 2 + -5)).
37
-4 - (10 + -74) - (2 + -5 + 3 + 2)
58
What is -61 + -1 + 23 - -22 - -72?
55
1 + -8 + (-129 - (-84 - -12))
-64
What is -2 - (12 + 2) - (-151 + 170 + -109)?
74
Calculate (-12 + (3 - -9) + 1 - (4 + -1)) + 39.
37
What is the value of 4 + 6 - (39 - (20 + 0 + -11))?
-20
Calculate 7 - (-1 + (5 - -15 - -3)).
-15
What is (-109 - -347 - 74) + -179?
-15
What is the value of 2 + 67 + (10 - -1 - (11 - (-29 - -42)))?
82
What is the value of -9 + (34 - 116) + 47?
-44
Calculate (-24 - (29 - (-4 - -18))) + -5.
-44
Evaluate -3 + (-1 - 49) + (58 - 70 - -21) + -14.
-58
What is the value of -47 + 12 - (-27 - 15 - -3)?
4
What is -6 + 10 - (-1 + 17 - (-156 + 161))?
-7
What is the value of -54 + 74 - (58 - 3)?
-35
What is the value of -19 + -26 - (-48 - -23)?
-20
What is -39 + 3 - -29 - 39?
-46
What is 14 + (-6 - -1) + 0 - (258 + -290)?
41
What is 2 + -11 + 3 + 5 + 12 + 75 + -168?
-82
(72 - 1) + (103 - (0 + 92)) + 6 + -1
87
Calculate 19 + -11 + (-29 - -10) - 12.
-23
Evaluate -50 - -65 - (-2 - 14) - -28.
59
What is the value of 143 + -49 + -38 + -3 + -36?
17
What is 0 - -87 - (329 - 309 - (6 + 16))?
89
Calculate -10 + (2 - (4 - -37)) + 93.
44
Evaluate (-28 - 35) + 29 + 26 - (-2 + -12).
6
What is the value of 51 - (13 + -6 + 19 + -15)?
40
(-1 - 21) + (2 - (0 + (-14 - -11) - -8))
-25
What is the value of 23 + (-1 - (-8 - -2)) + (12 + 30 - 45)?
25
Calculate 101 + -85 - (-48 + 4 - 6) - 6.
60
Evaluate -176 - -177 - (-1 - -18).
-16
Evaluate (-2 - -1) + (70 - (-4 - -8 - -18)).
47
-7 - (-12 + 33 + 42) - -15
-55
Calculate (-3 - (-5 + -9 + -1 + 6)) + -14 + 55.
47
What is the value of 63 - (-1 + 21 + (824 - 841))?
60
Evaluate 1 - (-9 + (14 - 5 - 13)) - -37.
51
Evaluate -75 + -2 + (-27 - -18) + 17 + (-1 - 9).
-79
Calculate (14 - 0) + (36 - 16) + -77 + 0.
-43
Calculate 13 - (47 - (-36 + 42 + -49)).
-77
Calculate 15 + -9 - (9 + (-14 - 3)) - -8.
22
Calculate 5 + -7 - (-2 + (16 + (-10 - -5) - 9)).
-2
-10 - (26 + 13 + (-12 - -10) + -9)
-38
Calculate 49 + (0 - 13) + -4 + 15 + 16 + -17.
46
What is the value of 60 + (-3 - (-22 - -11) - 8) + 8?
68
Evaluate 10 + (19 - ((-4 - -14) + -9)) + -68.
-40
What is (161 - 91 - 94) + (100 - 1)?
75
Calculate (143 - 2) + (-1041 - -936).
36
What is (14 - -1 - (245 - 227)) + (15 - 4) + -16?
-8
What is -12 + -1 - (315 - 331) - 28 - 4?
-29
What is the value of (-23 - (19 + -26)) + 1 + -10 + -3?
-28
What is the value of (-12 + -1 - (-135 - -125)) + 15 - 67?
-55
Evaluate -27 + (12 + -26 - -84) + -21.
22
-23 + 21 + (13 - 3 - 2) - (-16 + -6)
28
-486 - -537 - (-6 + 1) - (-8 + -9)
73
What is -4 + 2 - (80 + (-45 - 0) + 24 - 23)?
-38
What is the value of (-166 - -187) + -18 + 10?
13
What is the value of (-61 - -11) + 74 + 7?
31
Calculate 27 + 11 + -32 + 50 - 18.
38
What is 23 + (-19 - -46) + -53 - (2 - (136 + 6))?
137
What is the value of 0 + -5 + (-8 - -6) + -61 + 49 + -38?
-57
What is 20 + -147 + 214 + -146?
-59
Calculate 24 + (20 - (75 + -90)).
59
Evaluate (-1 - -15) + -4 - (-29 + -11 + 30 - 0).
20
Evaluate (-80 - (-73 + -80)) + -7.
66
What is -18 + -53 + 51 - (-1 - 47)?
28
What is the value of 1 - 118 - (-79 + (127 - 14))?
-151
(14 - 5) + (-20 - -1 - 4)
-14
(-16 - (9 + -9)) + 76
60
What is the value of 19 + (-38 - -58) + -103?
-64
Calculate (3 - (2 - 9)) + -79 + 76.
7
What is the value of -33 + -1 + 18 + -23 + 15 + (3 - 5)?
-26
What is -143 + (-67 - (-226 + 131))?
-115
What is the value of 122 + 11 + -1 - 144?
-12
What is the value of -78 + (-12 - (-7 + 42)) + 88?
-37
What is the value of -65 + 13 + (20 - 7) + 17?
-22
What is -44 + (4 - -1) + 44?
5
(-2571 - -2529) + (2 - 2)
-42
Evaluate -42 + (46 - (-43 + 56)) + (-1 - 30) + 0.
-40
27 - (37 + (204 - 112))
-102
What is the value of 31 - (-6 + (-3 - 10))?
50
(-10 - 84) + 154 + 7
67
37 + (104 - (-14 + -34) - 35)
154
Calculate (-35 - -44) + (3 - 5 - 5) + (45 - -2).
49
-61 - 4 - -1 - (-386 + 366)
-44
Calculate (127 + 95 - 125) + -9 + (-1 - 3) + 2.
86
What is (-6 - -28) + -731 + 789?
80
Evaluate -17 - (-27 + 37) - -4.
-23
What is the value of -8 - -3 - (12 - (83 + -31) - 43)?
78
(-20 - -41 - 13 - 8) + (-3 - -14)
11
Calculate (2 - 16) + -58 + 67 - (5 - (82 + 3)).
75
64 + (-19 - (-16 + 2 - -12))
47
-1 - -18 - 30 - 19
-32
Evaluate 51 + -23 + -57 - -60.
31
Calculate -4 + 4 + -5 + 9 - 30 - (5 - 0).
-31
What is the value of -81 - (24 + (-9 - 56 - -15))?
-55
What is 2 + -3 - -21 - (3211 + -3220)?
29
What is -1 - -45 - (-14 + -51 + (119 - 34))?
24
Calculate (31 - 28) + 1 + 31 + 0 + 6.
41
What is 24 + 6 + -8 - (-2 + -3)?
27
What is the value of 43 + -1 + 2 + 2943 + -3049?
-62
Calculate -20 - (-29 - (-14 + -7) - -28).
-40
Evaluate 5 + -11 + 6 + -79 + 133.
54
What is the value of 30 + (-45 - (-5 - 75))?
65
Calculate (-18 - 0 - -13) + 21 - 20.
-4
What is the value of 23 - ((37 - (-16 + 48)) + -124)?
142
(2 - 24) + -2 + 34 + 11
21
Calculate (96 - 143) + (4 - (-3 + -3) - (8 - 6)).
-39
Evaluate (1 - 2) + -3 + (588 - 625).
-41
What is the value of 177 + (-40 - 123 - -50)?
64
What is the value of -31 - ((-25 - 41) + -15 + -3)?
53
What is -12 + (21 - (51 - 30)) - (1 + 0 - 10)?
-3
Calculate -84 + (-30 - (-27 + (-21 - -7))).
-73
What is 29 + -9 + 0 + -2 - (32 - 27)?
13
What is the value of -2 + 53 - (59 + (78 - 130))?
44
What is 15 + (-32 - (27 - -16))?
-60
What is -84 + (76 - (41 - 9))?
-40
What is (0 - (-3 + -57)) + (20 - 0 - (181 - 166))?
65
What is 57 + (36 - 44) - (-4 + 3 - 0)?
50
What is -1 + (-7 - (0 - -1)) - (146 + -405 + 267)?
-17
What is the value of 67 + (-7 - (9 - -11))?
40
Calculate (64 + -62 - (1 + -3 - -11)) + 4 + 23.
20
Calculate (-341 - -373) + 2 + -102.
-68
What is -13 + (1 - 2) - (-2050 - -2057)?
-21
Evaluate -55 + 35 + 49 + 0 + 3 + -2.
30
(2654 - 2751) + (0 - -17)
-80
What is -132 - -62 - -44 - (17 - (2 - 0))?
-41
Evaluate -33 + 1 + (-29 - (4 - 53)) + 103.
91
What is -17 + (21 + -14 - 1) + -1 - 14?
-26
Calculate 2 + -73 + (11 + -11 + -13 - 3).
-87
What is the value of -22 - ((10 - -3) + -8 + 11 + -18)?
-20
11 + 12 + (2 - 35) + 88
78
(-549 - -637) + (2 - 47)
43
-150 + (132 - -24) - (12 + 0)
-6
What is the value of -12 + 2 + (3 - -38) - (-3 - (-15 - -8))?
27
What is the value of -906 + 885 - (-4 - (-1 + 1))?
-17
What is 0 - -26 - (-46 + 50) - 6?
16
Evaluate -173 + 16 + (15 - -99).
-43
What is (-12 - 3) + 11 + -18 + 10 - 10?
-22
What is the value of (0 - -1) + -4 + 70 + -122 + 40?
-15
Evaluate (68 - 188 - -59) + 31 + -1.
-31
Evaluate (4 - -10 - -56) + 35 + -11.
94
What is -70 - (-1 - 91 - 44)?
66
What is the value of -21530 + 21536 - ((-13 - 1) + 1)?
19
Calculate (13 - 1) + (-492 - -602).
122
What is (175 - (-126 + 259)) + -12 + 1 + -1?
30
Calculate (38 - (2 + (-5 - -1) - (124 + -117))) + -3.
44
Evaluate 64 - (34 - (-136 + 54)).
-52
What is -64 - (-8 + (-5 - (-7 - -5)) - (-107 - -94))?
-66
What is the value of 150 + 8 + (64 - 139) + 34?
117
What is the value of 0 - -1 - (183 + -274)?
92
What is the value of 72 + -4 + (-434 - -437)?
71
What is the value of -2 - -11 - (16 + -16) - 65 - 6?
-62
6 + (-13 - (2 + -3)) + 117 + -65
46
What is -2151 + 2004 - ((4 - 36) + -4)?
-111
(14 + -3 - (2 + 4) - 52) + (-38 - -34)
-51
What is the value of 2